.
3
Let r(a) = -392*a**2 + 49783*a + 119. Give r(127).
-8
Let g(q) = 6*q**3 + 505*q**2 + 135*q + 376. Give g(-84).
-3908
Let q(l) = 25*l**3 + 3*l**2 - 17*l - 45. Determine q(-4).
-1529
Let a(m) = 5407*m + 929980. What is a(-172)?
-24
Let t(g) = -g**2 + 185*g - 4431. Determine t(23).
-705
Let c(w) = -1315*w - 545711. What is c(-415)?
14
Let n(f) = 8367*f + 1564669. Give n(-187).
40
Let z(t) = -2*t**2 + 5136*t - 15382. Determine z(3).
8
Let m(g) = 26891*g + 41089457. Calculate m(-1528).
9
Let t(o) = o**3 + 35*o**2 - 677*o - 17655. What is t(-41)?
16
Let f(t) = t**3 - 145*t**2 - 132*t + 1047. Give f(146).
3091
Let k(q) = 8934*q - 81200. Determine k(9).
-794
Let w(u) = -554483*u + 554312. Give w(1).
-171
Let u(n) = 4*n**2 + 105*n + 381. What is u(-5)?
-44
Let c(b) = -100*b + 11921. Calculate c(128).
-879
Let c(i) = 4340*i + 24282. Determine c(-5).
2582
Let u(q) = -2*q**2 + 807*q - 10383. What is u(13)?
-230
Let g(h) = 6758*h + 33787. Give g(-5).
-3
Let v(p) = -20145*p - 241701. Calculate v(-12).
39
Let m(h) = 43*h**3 + 456*h**2 - 227*h + 40. What is m(-11)?
480
Let k(f) = f**3 - 107*f**2 - 3146*f - 37. Determine k(-24).
11
Let f(z) = -2517*z + 1059621. Give f(421).
-36
Let k(g) = -7349*g - 654048. Give k(-89).
13
Let v(i) = 131*i - 789. Determine v(5).
-134
Let q(h) = -h**2 - 977*h - 8801. What is q(-9)?
-89
Let t(s) = 2*s**3 + 108*s**2 - 1287*s + 47. Determine t(10).
-23
Let u(n) = -232*n**2 - 1857*n - 7471. Give u(-4).
-3755
Let o(z) = 2*z**3 - 256*z**2 - 260*z + 241. Determine o(129).
-17
Let w(r) = -45783*r - 274701. What is w(-6)?
-3
Let t(s) = -182*s**3 - 728*s**2 - 43*s - 139. Calculate t(-4).
33
Let k(h) = 11*h**2 + 1930*h - 11545. Determine k(6).
431
Let h(y) = -10787*y + 161804. Give h(15).
-1
Let x(p) = 13*p**3 - 12*p**2 - 36*p - 116. Determine x(-3).
-467
Let k(j) = -j**2 + 2558*j - 53313. Give k(21).
-36
Let y(s) = 74*s - 460. What is y(10)?
280
Let n(j) = 556512*j - 7791140. What is n(14)?
28
Let y(o) = 8*o**2 - 353*o - 575. Give y(46).
115
Let w(h) = -h**3 - 212*h**2 + 883*h + 4098. What is w(-216)?
-6
Let g(l) = l**3 + 44*l**2 - 5159*l - 9. Give g(0).
-9
Let l(z) = -73793*z + 73823. Give l(1).
30
Let z(u) = -3*u**2 + 16424*u - 98433. Determine z(6).
3
Let w(a) = -4*a**2 - 34*a - 686. What is w(-20)?
-1606
Let q(y) = -51205*y - 60626720. Calculate q(-1184).
0
Let j(y) = -1499*y**2 + 239846*y - 955. What is j(160)?
5
Let h(g) = -g**3 + 52*g**2 + 77*g - 4026. Determine h(52).
-22
Let a(h) = -16*h**3 + 3*h**2 + 75*h + 73. Determine a(-1).
17
Let b(u) = -15*u**3 - 2*u**2 + 193*u - 192. What is b(1)?
-16
Let v(b) = 1355*b - 15906. Give v(11).
-1001
Let j(o) = -171*o**2 - 6*o - 35. What is j(3)?
-1592
Let l(y) = -621*y**2 - 773*y - 1548. Calculate l(-2).
-2486
Let f(v) = 74305*v - 42725373. What is f(575)?
2
Let o(f) = 30*f**2 + 8321*f + 19450. What is o(-275)?
-75
Let n(o) = o**3 - 35*o**2 + 10*o - 1078. Determine n(37).
2030
Let u(v) = -155*v - 9998. Calculate u(-65).
77
Let u(w) = w**3 - 7*w**2 - 180*w + 1128. What is u(6)?
12
Let f(t) = -2*t**3 - 48*t**2 + 56*t + 1748. Calculate f(-23).
-598
Let k(a) = 249*a**2 + 661*a - 263. Determine k(-3).
-5
Let u(s) = -11590*s + 846284. Calculate u(73).
214
Let w(g) = 3*g**2 + 1601*g + 181107. Give w(-371).
59
Let d(j) = -4*j**3 - j**2 - 22*j + 159. Give d(4).
-201
Let a(j) = -j**2 + 13857*j - 2. Give a(0).
-2
Let l(v) = -41*v**2 - 1277*v + 7538. Calculate l(6).
-1600
Let j(s) = -s**3 + 31*s**2 - 1395*s + 43285. Give j(31).
40
Let u(h) = -50*h - 447. Determine u(-7).
-97
Let c(b) = 3*b**3 - 4*b**2 - 41*b + 201. Determine c(6).
459
Let p(l) = 3*l**3 + 51*l**2 - 444*l - 5936. Give p(-18).
1084
Let m(h) = 2*h**3 - 733*h**2 - 299*h + 508810. What is m(365)?
0
Let c(s) = 19*s**2 - 483*s + 31. Give c(26).
317
Let t(c) = -c**3 - 68*c**2 - 89*c + 179. What is t(-66)?
-2659
Let c(g) = 2*g**2 + 10281*g - 144115. Give c(14).
211
Let x(w) = 204*w + 4953. Give x(-28).
-759
Let o(x) = x**2 - 204*x - 3312. Give o(216).
-720
Let r(u) = -u**2 + 562*u + 11576. What is r(-20)?
-64
Let o(y) = -35*y - 3527. Calculate o(-44).
-1987
Let v(i) = 2*i**2 + 161123*i - 966766. What is v(6)?
44
Let k(x) = -67723*x + 203156. Determine k(3).
-13
Let l(h) = 1183*h**2 - 58*h - 57. Determine l(-1).
1184
Let c(x) = -3067*x - 340430. What is c(-111)?
7
Let i(q) = 31686*q + 63414. Calculate i(-2).
42
Let y(f) = 94221*f - 1790224. Determine y(19).
-25
Let d(o) = -o**3 + 80*o**2 + 3450*o - 51. Give d(111).
948
Let j(u) = -171723*u + 686902. Determine j(4).
10
Let m(y) = -3*y**2 - 358*y + 16462. Calculate m(35).
257
Let k(g) = -4*g**3 - 325*g**2 - 92*g - 712. Calculate k(-81).
179
Let y(g) = -219449*g + 1755638. Calculate y(8).
46
Let y(m) = m**2 + 648*m + 7581. Determine y(-12).
-51
Let s(h) = -h**2 - 6802*h + 384048. What is s(56)?
0
Let p(j) = -j**3 - 18*j**2 + 273*j - 220. Calculate p(-28).
-24
Let k(u) = 4*u**3 + 98*u**2 - 23*u + 592. Calculate k(-25).
-83
Let s(n) = 1421*n**2 - 10019*n + 5. Determine s(7).
-499
Let h(z) = -330*z - 33080. Determine h(-102).
580
Let f(z) = -79606*z - 716456. What is f(-9)?
-2
Let o(j) = -135*j**2 + 14029*j + 1162. Give o(104).
18
Let q(l) = -4626*l + 1110233. What is q(240)?
-7
Let o(h) = -42*h**2 - 2558*h + 225. Determine o(-61).
-19
Let q(b) = 184*b + 38435. Give q(-211).
-389
Let i(s) = -2*s**3 - 8*s**2 + 448*s + 12. Give i(-17).
-90
Let o(r) = -r**3 + 886*r**2 - 52597*r - 641. What is o(64)?
63
Let b(l) = -5*l - 642. Give b(14).
-712
Let a(v) = 21*v**3 + 967*v**2 + 36*v - 458. Give a(-46).
2
Let q(a) = a**3 - 25*a**2 + 57*a + 1351. Determine q(11).
284
Let b(z) = 3367*z + 357047. Give b(-106).
145
Let m(s) = -939*s - 2217. What is m(-2)?
-339
Let m(k) = 134854*k - 809151. Give m(6).
-27
Let o(n) = 7*n**3 - 1970*n**2 + 2724*n + 21296. Give o(280).
16
Let r(s) = 3*s**3 - 143*s**2 + 688*s + 1089. What is r(42)?
-3
Let m(v) = 26*v**2 - 110*v + 977. Give m(0).
977
Let k(h) = -27457254*h - 27457259. Determine k(-1).
-5
Let w(g) = 266987*g + 1334996. What is w(-5)?
61
Let b(m) = 2*m**2 - 150*m + 4208. Give b(41).
1420
Let b(t) = 5*t**3 + 132*t**2 - 896*t + 121. Calculate b(-32).
121
Let r(l) = 16*l**3 + 7*l**2 - 6*l - 25. Determine r(-4).
-913
Let h(o) = o**3 - 16*o**2 - 79*o + 775. What is h(18)?
1
Let u(n) = 40*n**2 - 1224*n + 7562. Give u(22).
-6
Let c(m) = -4*m**2 + 3813*m - 19121. Determine c(5).
-156
Let w(n) = 2525*n - 265110. Give w(105).
15
Let a(c) = -3*c**3 + 80*c**2 - 102*c - 51. Determine a(25).
524
Let o(r) = 38*r + 2664. What is o(-71)?
-34
Let t(w) = -334*w + 41065. What is t(123)?
-17
Let i(t) = -t**3 - 19*t**2 + 14*t + 169. Determine i(-17).
-647
Let l(r) = -1919*r - 8312. Give l(-4).
-636
Let l(p) = -1318*p + 196374. Determine l(149).
-8
Let t(r) = -r**2 - 245*r + 3845. Calculate t(-260).
-55
Let f(o) = -28*o**2 + 4755*o - 40541. Calculate f(9).
-14
Let a(j) = -420272*j - 34042029. Calculate a(-81).
3
Let x(s) = 9*s**2 - 662*s - 7202. Calculate x(-10).
318
Let t(h) = h**3 + 910*h**2 + 9062*h + 55805. Calculate t(-900).
5
Let a(j) = -36*j**2 + 1178*j + 474. Calculate a(33).
144
Let v(t) = -8*t**3 - 1131*t**2 - 9920*t - 2638. What is v(-132)?
2
Let t(l) = -l**3 + 21*l**2 - 60*l - 51. Calculate t(7).
215
Let r(h) = -14206*h + 9532218. Calculate r(671).
-8
Let z(s) = -6*s**3 + 84*s**2 + 33*s + 12. Give z(14).
474
Let u(y) = -3307*y + 9608. Determine u(3).
-313
Let i(k) = 2*k**2 - 2623*k - 216812. Give i(-78).
-50
Let o(s) = s**3 + 284*s**2 - 1775*s - 10131. What is o(-290)?
19
Let j(v) = 53*v**3 - 109*v**2 - 1835*v + 1. What is j(7)?
-6
Let f(u) = 7*u**2 + 798*u - 106736. What is f(-193)?
-7
Let k(h) = 1702*h + 1176. Determine k(-1).
-526
Let c(m) = 343*m - 58996. Determine c(172).
0
Let m(r) = 3453*r + 3531. Give m(-1).
78
Let j(s) = 58*s**2 + 3401*s - 50908. Give j(-71).
-1
Let y(p) = -228*p - 27448. What is y(-120)?
-88
Let c(b) = 143*b**3 + 2*b**2 - 15*b - 14. Determine c(-1).
-140
Let w(j) = j**3 - 111*j**2 - 822*j + 14136. Calculate w(117).
96
Let g(n) = -19*n**3 - 17472*n**2 - 10112*n - 2767. Calculate g(-919).
-10
Let r(i) = 12*i**2 - 849*i + 4565. Calculate r(57).
-4840
Let n(y) = -77*y**2 - 34416*y + 1321. Give n(-447).
-20
Let y(n) = -2751*n + 21888. Calculate y(8).
-120
Let w(z) = -3*z**2 + 302*z - 116. What is w(98)?
668
Let y(h) = 59985*h - 540600. Determine y(9).
-735